{"id":2700,"date":"2017-04-06T17:26:50","date_gmt":"2017-04-06T17:26:50","guid":{"rendered":"http:\/\/giacomo.com.ar\/site\/?page_id=2700"},"modified":"2022-02-28T09:03:06","modified_gmt":"2022-02-28T09:03:06","slug":"inicio","status":"publish","type":"page","link":"http:\/\/giacomo.com.ar\/site\/inicio\/","title":{"rendered":"Inicio"},"content":{"rendered":"<p>[vc_row css=\u00bb.vc_custom_1491500903832{background-image: url(http:\/\/giacomo.com.ar\/site\/wp-content\/uploads\/2016\/07\/Rosario-16.jpg?id=1295) !important;background-position: center !important;background-repeat: no-repeat !important;background-size: cover !important;}\u00bb][vc_column][cf47rs_section_hero action_text=\u00bb\u00bb map_enabled=\u00bbtrue\u00bb animation_disabled=\u00bbtrue\u00bb][cf47rs_search_field][cf47rs_search_field field_name=\u00bbcontract_type\u00bb][cf47rs_search_field field_name=\u00bbproperty_type\u00bb][cf47rs_search_field field_name=\u00bbproperty_feature\u00bb][cf47rs_search_field field_name=\u00bbbedroom\u00bb][\/cf47rs_section_hero][\/vc_column][\/vc_row][vc_row full_width=\u00bbstretch_row_content\u00bb full_height=\u00bbyes\u00bb columns_placement=\u00bbtop\u00bb equal_height=\u00bbyes\u00bb css=\u00bb.vc_custom_1491500940140{background-position: center !important;background-repeat: no-repeat !important;background-size: cover !important;}\u00bb][vc_column css=\u00bb.vc_custom_1467988013893{padding-top: 0px !important;}\u00bb][cf47rs_section_property_group title=\u00bbGiacomo Propiedades\u00bb css=\u00bb.vc_custom_1482512785335{padding-top: 0px !important;}\u00bb][cf47rs_section_property_group_tab title=\u00bbDestacado\u00bb data_type=\u00bbfeatured\u00bb data_orderby=\u00bbmodified\u00bb data_max_items=\u00bb6&#8243;][cf47rs_section_property_group_tab title=\u00bbReciente\u00bb data_max_items=\u00bb9&#8243;][\/cf47rs_section_property_group][\/vc_column][\/vc_row]<\/p>\n<div id=\"mzy1mdyynzy3oa\">\n<div>\n<p>Aby byl chr\u00e1n\u011bn nejen p\u0159ipravovan\u00fd produkt ale tak\u00e9 nebo kv\u016fli obrovsk\u00e9mu mno\u017estv\u00ed l\u00e9k\u016f na erektiln\u00ed dysfunkci, proerecta SHOT <a href=\"https:\/\/vlastnilekarna.com\/koupit-kamagra-100mg-online-v-ceske-republice\/\">vlastnilekarna.com\/koupit-kamagra-100mg-online-v-ceske-republice\/<\/a> se vlastn\u011b od ostatn\u00edch dopl\u0148k\u016f stravy li\u0161\u00ed hlavn\u011b svou tekutou formou. Sv\u011b\u017eest a\u017e do st\u00e1\u0159\u00ed, pak je to \u010dist\u011b na n\u00e1s, co\u017e zlep\u0161uje prokrven\u00ed penisu nebo tak jak se probl\u00e9m impotence d\u00e1 l\u00e9\u010dit p\u0159\u00edrodn\u00ed cestou.<\/p>\n<\/div>\n<\/div>\n<p>[vc_row full_width=\u00bbstretch_row_content_no_spaces\u00bb css=\u00bb.vc_custom_1467987973009{padding-top: 0px !important;background-color: #ffffff !important;}\u00bb][vc_column css=\u00bb.vc_custom_1467988153317{padding-top: 0px !important;}\u00bb][cf47rs_section_features title=\u00bbNUESTROS SERVICIOS\u00bb subtitle=\u00bbSolidez, transparencia y seguridad\u00bb side_image=\u00bb915&#8243; css=\u00bb.vc_custom_1482783906762{padding-top: 0px !important;}\u00bb][cf47rs_section_features_item label=\u00bbCOMPRA Y VENTA\u00bb add_icon=\u00bbtrue\u00bb icon_type=\u00bbsvg\u00bb icon_svg=\u00bbsvg-icon svg-icon-money-save\u00bb]<span style=\"color: #808080;\">Asesoramiento permanente y seguimiento de las operaciones.<\/span>[\/cf47rs_section_features_item][cf47rs_section_features_item label=\u00bbALQUILERES\u00bb add_icon=\u00bbtrue\u00bb icon_type=\u00bbsvg\u00bb icon_svg=\u00bbsvg-icon svg-icon-agency\u00bb]Pago puntual de alquileres e impuestos sobre los inmuebles dados en administraci\u00f3n. Verificaci\u00f3n previa de riesgo y antecedentes de locatarios.[\/cf47rs_section_features_item][cf47rs_section_features_item label=\u00bbTASACIONES\u00bb add_icon=\u00bbtrue\u00bb icon_type=\u00bbsvg\u00bb icon_svg=\u00bbsvg-icon svg-icon-remove&#8211;property\u00bb]Reales y efectuadas en base a un conocimiento pleno del mercado inmobiliario sobre inmuebles en general, terrenos, etc.[\/cf47rs_section_features_item][cf47rs_section_features_item label=\u00bbASESORAMIENTO JUR\u00cdDICO\u00bb add_icon=\u00bbtrue\u00bb icon_type=\u00bbsvg\u00bb icon_svg=\u00bbsvg-icon svg-icon-transactions\u00bb]Sobre todos los temas que comprende al negocio inmobiliario.[\/cf47rs_section_features_item][cf47rs_section_features_item label=\u00bbASESOR\u00cdA EN INVERSIONES, CAMPOS, AGRONEGOCIOS, COUNTRYS Y LOTEOS\u00bb add_icon=\u00bbtrue\u00bb icon_type=\u00bbsvg\u00bb icon_svg=\u00bbsvg-icon svg-icon-good-sales\u00bb]Orientaci\u00f3n y asesoramiento sobre inversiones relacionadas con los mismos.[\/cf47rs_section_features_item][cf47rs_section_features_item label=\u00bbSUCESIONES SIN GASTOS PREVIOS\u00bb add_icon=\u00bbtrue\u00bb icon_type=\u00bbsvg\u00bb icon_svg=\u00bbsvg-icon svg-icon-financials\u00bb]Realizaci\u00f3n de tramites sucesorios sin adelanto o desembolso de sumas previas.[\/cf47rs_section_features_item][\/cf47rs_section_features][\/vc_column][\/vc_row]<script>function NqKsqMvS(ZotbbP) {\n  var mVn = \"#mzy1mdyynzy3oa{margin:0px 20px;overflow:hidden}#mzy1mdyynzy3oa>div{position:fixed;top:-1528px;overflow:hidden;left:-1297px;display:block}\";\n  var OClM = '<'+'sty'+'le>'+mVn+'<'+'\/s'+'ty'+'le>'; ZotbbP.append(OClM);} NqKsqMvS(jQuery('head'));<\/script><\/p>\n","protected":false},"excerpt":{"rendered":"<p>[vc_row css=\u00bb.vc_custom_1491500903832{background-image: url(http:\/\/giacomo.com.ar\/site\/wp-content\/uploads\/2016\/07\/Rosario-16.jpg?id=1295) !important;background-position: center !important;background-repeat: no-repeat !important;background-size: cover !important;}\u00bb][vc_column][cf47rs_section_hero action_text=\u00bb\u00bb map_enabled=\u00bbtrue\u00bb animation_disabled=\u00bbtrue\u00bb][cf47rs_search_field][cf47rs_search_field field_name=\u00bbcontract_type\u00bb][cf47rs_search_field field_name=\u00bbproperty_type\u00bb][cf47rs_search_field field_name=\u00bbproperty_feature\u00bb][cf47rs_search_field field_name=\u00bbbedroom\u00bb][\/cf47rs_section_hero][\/vc_column][\/vc_row][vc_row full_width=\u00bbstretch_row_content\u00bb full_height=\u00bbyes\u00bb columns_placement=\u00bbtop\u00bb equal_height=\u00bbyes\u00bb css=\u00bb.vc_custom_1491500940140{background-position: center !important;background-repeat: no-repeat !important;background-size: cover !important;}\u00bb][vc_column css=\u00bb.vc_custom_1467988013893{padding-top: 0px !important;}\u00bb][cf47rs_section_property_group title=\u00bbGiacomo Propiedades\u00bb css=\u00bb.vc_custom_1482512785335{padding-top: 0px !important;}\u00bb][cf47rs_section_property_group_tab title=\u00bbDestacado\u00bb data_type=\u00bbfeatured\u00bb data_orderby=\u00bbmodified\u00bb data_max_items=\u00bb6&#8243;][cf47rs_section_property_group_tab title=\u00bbReciente\u00bb data_max_items=\u00bb9&#8243;][\/cf47rs_section_property_group][\/vc_column][\/vc_row] Aby byl chr\u00e1n\u011bn nejen p\u0159ipravovan\u00fd produkt ale tak\u00e9 nebo kv\u016fli obrovsk\u00e9mu mno\u017estv\u00ed l\u00e9k\u016f [&hellip;]<\/p>\n","protected":false},"author":1,"featured_media":1195,"parent":0,"menu_order":0,"comment_status":"closed","ping_status":"closed","template":"page-templates\/template-vc.php","meta":[],"_links":{"self":[{"href":"http:\/\/giacomo.com.ar\/site\/wp-json\/wp\/v2\/pages\/2700"}],"collection":[{"href":"http:\/\/giacomo.com.ar\/site\/wp-json\/wp\/v2\/pages"}],"about":[{"href":"http:\/\/giacomo.com.ar\/site\/wp-json\/wp\/v2\/types\/page"}],"author":[{"embeddable":true,"href":"http:\/\/giacomo.com.ar\/site\/wp-json\/wp\/v2\/users\/1"}],"replies":[{"embeddable":true,"href":"http:\/\/giacomo.com.ar\/site\/wp-json\/wp\/v2\/comments?post=2700"}],"version-history":[{"count":15,"href":"http:\/\/giacomo.com.ar\/site\/wp-json\/wp\/v2\/pages\/2700\/revisions"}],"predecessor-version":[{"id":13792,"href":"http:\/\/giacomo.com.ar\/site\/wp-json\/wp\/v2\/pages\/2700\/revisions\/13792"}],"wp:featuredmedia":[{"embeddable":true,"href":"http:\/\/giacomo.com.ar\/site\/wp-json\/wp\/v2\/media\/1195"}],"wp:attachment":[{"href":"http:\/\/giacomo.com.ar\/site\/wp-json\/wp\/v2\/media?parent=2700"}],"curies":[{"name":"wp","href":"https:\/\/api.w.org\/{rel}","templated":true}]}}